 Suppose -2*c + 41 = y. Calculate the highest common factor of 14 and c.
14
Suppose 36*c = 30*c + 48. Suppose -3*q = -0*q + 102. Let l = -14 - q. Calculate the greatest common divisor of c and l.
4
Let u = -22 + 37. Let s(g) = 3*g. Let c be s(u). Let k = -17 - -26. Calculate the highest common factor of k and c.
9
Let o = -3 + 4. Let n be 7*(1 - (-10)/(-14)). Suppose 4*c + n*k = 22, -k + 33 = 3*c - 5*k. What is the greatest common divisor of c and o?
1
Let q = -2 + 7. Suppose 5*a = 5*p - 250, -4*p + a = -2*p - 105. Calculate the greatest common factor of q and p.
5
Let l = -43 - -63. Let y = 715 + -495. What is the greatest common factor of y and l?
20
Suppose -8*z - 120 = -11*z. Let u = -16 - -32. What is the greatest common factor of z and u?
8
Let p be 1/(-3) + 32/6. Suppose -4*g = 5*k - 234, p + 5 = 5*k. What is the highest common divisor of 7 and g?
7
Let b be (-2)/(-6) + 542/(-6). Let j be (-28)/(-35)*b/(-4). What is the greatest common factor of j and 126?
18
Let l(h) be the third derivative of -h**6/120 + h**5/12 + h**4/6 - h**3/3 - h**2. Let y be l(5). Let x = 30 - y. What is the highest common factor of x and 36?
12
Suppose -2*m = -r - 4*r - 185, -215 = -3*m - 5*r. Calculate the highest common factor of 20 and m.
20
Suppose 6 = -3*k - 84. Let y = 66 + k. Calculate the highest common factor of 9 and y.
9
Suppose -9*a + 720 = -a. Let w be 1/(-4) - 41/(-4). What is the greatest common divisor of w and a?
10
Suppose 3*o = 5*o + 2*f - 98, -147 = -3*o - 2*f. What is the greatest common factor of o and 7?
7
Suppose -2*o + 11 = a - 14, 20 = -4*a. Suppose 5*r + 5*x = 65, -2*x = -r - 5 + o. What is the greatest common factor of r and 6?
6
Let j be (8/(-6))/((-6)/(-18)). Let w be 386 + (-1 - j - 4). Suppose -5*h + 20 = -w. What is the highest common divisor of h and 9?
9
Let d(g) be the third derivative of g**6/120 + 3*g**5/20 + g**4/24 - 7*g**3/6 - 2*g**2. Let t be d(-7). What is the greatest common divisor of 21 and t?
21
Let f(b) = -7*b**3 - 4*b**2 + b + 7. Let z be f(-4). Calculate the greatest common divisor of 43 and z.
43
Suppose 5*n + o = -5, -n = n + 5*o + 2. Let d be (2 + n)/(5/195). What is the greatest common divisor of 13 and d?
13
Let i be -2 + 0 + (-10 - -120). What is the greatest common divisor of i and 12?
12
Let i = 7 + 15. Let b = 313 - 71. Calculate the greatest common divisor of b and i.
22
Suppose -2*y + y = -8. Let w be (-2)/(-3) - (-15)/(-9). Let n be 6*w*(-8)/6. Calculate the greatest common divisor of y and n.
8
Let y(i) = -2*i**3 - 2*i**2. Let p be y(-2). What is the highest common divisor of p and 88?
8
Let q(t) = 2*t**2 + 19*t - 3. Let p be q(-13). Calculate the highest common divisor of 8 and p.
8
Suppose 0 = -5*g + 249 - 24. Suppose -4*m + 124 = -4*a, m + m - 4*a - 64 = 0. Calculate the greatest common factor of g and m.
15
Let p = 429 - 249. What is the greatest common factor of 20 and p?
20
Let d be (-26)/(-7) - (-2)/7. Let y(j) = j + 0*j - d + 15. Let a be y(-5). What is the greatest common divisor of 66 and a?
6
Let k be (0 - -1) + -1 + 3. Let l(i) = -i**3 + 7*i**2 - 2*i - 5. Let u be l(6). Let y = u + -13. What is the highest common factor of k and y?
3
Let d(z) = -z**3 + 12*z**2 + 14*z - 9. Let x be d(13). Suppose -7*p + 10 = 3*a - 3*p, 3*p + 30 = x*a. What is the greatest common divisor of a and 54?
6
Let k(l) = -l**2 + 11*l + 16. Let a be k(12). Let c = -5 + 9. What is the highest common factor of c and a?
4
Let x = 14 - -46. What is the highest common factor of x and 24?
12
Suppose -11*j = -8*j - 27. Suppose -v - 30 = -4*h + 2*v, 0 = 4*h - 2*v - 32. What is the highest common factor of j and h?
9
Let a be (64/3)/(16/72). Suppose 5*q - a = k, -34 = -5*q - 4*k + 82. What is the greatest common factor of 30 and q?
10
Let g be 12*(-3 + (-26)/(-6)). Let q(k) = 319*k**2 + 1. Let c be q(-1). Suppose -c = 5*r - 9*r. Calculate the highest common factor of g and r.
16
Let k be (8/2)/((-4)/(-40)). Let i = -3 + 2. Let o be (i - -5)*(-15)/(-12). Calculate the highest common factor of o and k.
5
Let x be 1 - (-2 + 2) - -14. What is the greatest common divisor of x and 165?
15
Suppose 10 - 67 = -3*c. Suppose -f = -c - 7. Calculate the highest common divisor of 65 and f.
13
Let k(u) = -u**2 - 14*u + 16. Let s be k(-14). Suppose -11*j + s*j - 165 = 0. Calculate the greatest common factor of j and 22.
11
Let p = -49 - -53. Calculate the highest common factor of p and 16.
4
Suppose 0 = -c - 3 + 23. Suppose 3*o - j - 305 = 0, 4*o + 5*j - j - 380 = 0. Suppose -y = 3*n + y - o, -5*y = -25. What is the highest common factor of c and n?
10
Let x = 7 - 3. Let c(s) = x - 2 - 13*s - 3. Let b be c(-1). Calculate the highest common divisor of b and 12.
12
Let k be (-1)/6 - (-4431)/126. Suppose -4*o = -4, -o + 3*o = -4*m + 58. What is the greatest common factor of k and m?
7
Suppose -2*k - 432 = -8*k. Calculate the highest common factor of k and 9.
9
Let q be (2 - 0) + 0/3. Let l = q + 1. Suppose 6*a - l*a - 106 = -p, -a + 369 = 4*p. Calculate the highest common divisor of 13 and p.
13
Let h be ((-3)/2)/((-6)/24). Calculate the highest common factor of 66 and h.
6
Let j(g) = g**3 - 4*g**2 + 3*g + 4. Let i be j(3). Let o = -29 - -30. What is the highest common factor of i and o?
1
Let p = -45 + 49. What is the highest common factor of p and 4?
4
Let f(h) = 2*h**2 + 7*h + 4. Let l be f(-4). Suppose r = t + 38, t + 43 = 2*r - 35. Calculate the greatest common factor of r and l.
8
Suppose 2*t = -2*g + 10, 2*g = -3*t + 7*g + 39. Suppose -4*b + 176 = -2*b. Calculate the highest common factor of b and t.
8
Let y(j) = j**3 + 10*j**2 - j + 12. Let v be y(-10). What is the highest common factor of 242 and v?
22
Let f(d) = d**3 - d**2 + 52. Let y be f(0). What is the highest common divisor of y and 13?
13
Suppose 3*l - 503 + 171 = 5*t, 3*l - 140 = 2*t. Let y = 36 - 12. Let i = y - t. What is the greatest common divisor of 11 and i?
11
Let n = 11 - 7. Let c = n + -1. Suppose -c*k = -39 + 6. Calculate the highest common divisor of 11 and k.
11
Suppose -4*z - 6*b + 280 = -b, 2*z - 118 = 3*b. Let t = 17 - 27. Let v = 23 + t. Calculate the greatest common factor of v and z.
13
Let c(b) = b**3 + 8*b**2 - 10*b + 3. Let a be c(-9). What is the highest common divisor of 72 and a?
12
Suppose -5*x - 1049 = -2*z - z, 4*z - 2*x = 1380. Calculate the highest common factor of 49 and z.
49
Let m(b) = b**2 - 6*b - 3. Let v be m(7). Suppose -v*y = -4*u - 248, 3 - 61 = -y - u. What is the highest common divisor of 15 and y?
15
Let m = 236 - 38. Let x be (3 - 4)*1*12. Let c(v) = -v**2 - 15*v - 18. Let d be c(x). Calculate the highest common factor of d and m.
18
Suppose -r = -4*i + 138, -3*r = -5*i - 6*r + 164. What is the greatest common divisor of 34 and i?
34
Suppose 2*t = q + 3*q + 10, 2 = t + q. Calculate the greatest common divisor of t and 21.
3
Let m(j) = 3*j - 3. Let z be m(2). Suppose 7 = 5*u - z. Let a be u/(-9) + (-506)/(-9). Calculate the highest common factor of 8 and a.
8
Let p be ((-2)/(-5))/((-1)/(-225)). Calculate the greatest common factor of p and 30.
30
Let f = 124 + -89. Suppose -f = -2*z + 5. What is the highest common divisor of z and 10?
10
Let o be 46/6 - (-2)/6. Suppose 5*u - 3*x - 35 = 0, 5*u - 5*x = -x + 40. Calculate the greatest common factor of u and o.
4
Let x(u) = 3*u**2 + 2*u. Let y be x(-2). Let r be (-1 + -2)/(18/(-12)). Calculate the greatest common divisor of y and r.
2
Let b = 20 - -1. Suppose 0 = 3*l + 11 + 4. Let o be (6/l)/(20/(-50)). Calculate the highest common factor of o and b.
3
Let s = -1 - -4. Suppose 57 = 2*n + 5*o, 16 = -n - s*o + 46. Suppose 2*b = 5*b - 9. Calculate the greatest common factor of n and b.
3
Let s = 367 + -248. What is the greatest common factor of s and 17?
17
Let j(h) = 28*h + 4. Let m be j(2). Calculate the greatest common factor of m and 15.
15
Let d be 4408/247 - 2/(-13). Calculate the highest common factor of 2 and d.
2
Suppose -3*u + 3 = -4*v, 5*u - 2*v + 5 = 24. Suppose -20 = -5*g, x - 17 = 5*g + 18. Calculate the highest common divisor of x and u.
5
Let h = -101 - -164. What is the greatest common factor of 441 and h?
63
Let t = 0 - 2. Let u be (-96)/28*7/t. Calculate the highest common divisor of 4 and u.
4
Suppose -4*y + 12 + 16 = 0. What is the highest common factor of 7 and y?
7
